211
In base 10, what is -5 + 58?
53
In base 7, what is 15 + 4?
22
In base 4, what is 120 - 201?
-21
In base 6, what is 1241 + 0?
1241
In base 7, what is 10 + 22?
32
In base 15, what is -5 - d2?
-d7
In base 16, what is 20 + 61?
81
In base 16, what is 6 - -123?
129
In base 12, what is -4 - -6a?
66
In base 15, what is 3 + -59?
-56
In base 15, what is -1 + -61e?
-620
In base 6, what is -1340 + -20?
-1400
In base 2, what is -1111 + -10010?
-100001
In base 5, what is 40414 - 4?
40410
In base 13, what is -2302 + -5?
-2307
In base 7, what is -2 + -1315?
-1320
In base 2, what is 10 + 10110100011?
10110100101
In base 11, what is -132a2 + -3?
-132a5
In base 13, what is -9 + 5?
-4
In base 10, what is 1387 - -1?
1388
In base 10, what is 2 - 26?
-24
In base 13, what is 92 + 6?
98
In base 16, what is 0 - -1731?
1731
In base 11, what is -a + 2aa?
2a0
In base 13, what is -5 + 3?
-2
In base 13, what is 4 - 78?
-74
In base 2, what is -11001000 - 100?
-11001100
In base 4, what is 12 - -1130?
1202
In base 13, what is -271 - -4?
-26a
In base 2, what is -110000 + 0?
-110000
In base 13, what is 1233 + 2?
1235
In base 12, what is 1 - -220?
221
In base 3, what is 102 - -22120?
22222
In base 8, what is -1 + -303?
-304
In base 10, what is -2157 + 0?
-2157
In base 13, what is -5 - -46c?
467
In base 15, what is -7 - -a?
3
In base 15, what is -a + -82?
-8c
In base 8, what is 12 + -146?
-134
In base 4, what is 221113 - -2?
221121
In base 8, what is -3 + 2530?
2525
In base 12, what is -6 + -1358?
-1362
In base 5, what is -4 - -12332?
12323
In base 2, what is 101 + 1011?
10000
In base 6, what is -2030 + -2?
-2032
In base 9, what is 6 - -128?
135
In base 10, what is -122 - 1?
-123
In base 2, what is -111110111011 + -101?
-111111000000
In base 2, what is -100 + 10100011?
10011111
In base 14, what is 19 + -10?
9
In base 12, what is -5 - 3693?
-3698
In base 2, what is -100 + 100000111010?
100000110110
In base 14, what is 489a + -1?
4899
In base 8, what is -61 + -16?
-77
In base 6, what is 4 - 53?
-45
In base 13, what is 3 - -53?
56
In base 15, what is 1 - -bd2?
bd3
In base 2, what is 100100011 - -101?
100101000
In base 12, what is 1 - -347?
348
In base 10, what is 23 - -22?
45
In base 3, what is -1121 - 12?
-1210
In base 8, what is -3 - 1074?
-1077
In base 2, what is -100 + 10001001110111?
10001001110011
In base 10, what is 808 + -2?
806
In base 7, what is 0 + -163?
-163
In base 2, what is 111101 + 0?
111101
In base 7, what is -212 + 4?
-205
In base 16, what is 108 + 5?
10d
In base 13, what is -2 - a8a?
-a8c
In base 15, what is 4 + 29?
2d
In base 13, what is -5 - -a47?
a42
In base 6, what is 424 + -34?
350
In base 3, what is 100022111 + 10?
100022121
In base 3, what is -2 - 2020?
-2022
In base 12, what is 649 + -3?
646
In base 7, what is -65 - -10?
-55
In base 8, what is -516 - -5?
-511
In base 16, what is 7e - 7?
77
In base 11, what is 31 + 2?
33
In base 14, what is -4 + -db6?
-dba
In base 7, what is -1422 - 10?
-1432
In base 16, what is -1e1 - -30?
-1b1
In base 14, what is 3 - -25?
28
In base 14, what is -187 + 1?
-186
In base 13, what is 34a9 - -5?
34b1
In base 10, what is 6 + 350?
356
In base 9, what is 814 + -2?
812
In base 2, what is -1111 - -100000111?
11111000
In base 3, what is 12 + 1012?
1101
In base 11, what is -89 + -3?
-91
In base 4, what is 1 + 322?
323
In base 8, what is 1562 - 10?
1552
In base 8, what is 5 - 77?
-72
In base 5, what is -4 + 14?
10
In base 10, what is 1432 + 0?
1432
In base 12, what is 9 + -104?
-b7
In base 13, what is -39 + -3?
-3c
In base 7, what is -3 + 13?
10
In base 16, what is 5 - d8?
-d3
In base 11, what is 5 + 9?
13
In base 5, what is 42 + 11?
103
In base 6, what is 5 - -133?
142
In base 2, what is 10000 - -1111110?
10001110
In base 13, what is -16 + -4?
-1a
In base 9, what is -46 + -5?
-52
In base 13, what is 1 + -b?
-a
In base 14, what is 5 - -7?
c
In base 16, what is -fe + 4?
-fa
In base 2, what is 10000111101 + 11?
10001000000
In base 8, what is 10 + 10?
20
In base 2, what is -1101111100 + -100?
-1110000000
In base 2, what is 1100000 + 1011?
1101011
In base 13, what is 800 + 6?
806
In base 11, what is -4 + 9a?
96
In base 3, what is 2211100 + -10?
2211020
In base 6, what is 112 + -4?
104
In base 2, what is 1 + -11101?
-11100
In base 8, what is 7 - 306?
-277
In base 10, what is 3 - 38?
-35
In base 10, what is -80 - 4?
-84
In base 11, what is -7 - 85?
-91
In base 7, what is 4 - 11335?
-11331
In base 8, what is 10 - 645?
-635
In base 16, what is 4ee4 - -4?
4ee8
In base 7, what is 1 - -405?
406
In base 4, what is 23300 + 0?
23300
In base 8, what is -501 + -16?
-517
In base 16, what is 0 - 25?
-25
In base 8, what is -2 + 416?
414
In base 16, what is -5 + -199a?
-199f
In base 16, what is 2f - 5?
2a
In base 4, what is 2 + 112?
120
In base 4, what is 13103 + 1?
13110
In base 13, what is 10 - c?
1
In base 16, what is 0 + -1c7d?
-1c7d
In base 13, what is 73 - 61?
12
In base 8, what is 42 + 6?
50
In base 11, what is 94a - -4?
953
In base 13, what is -4 - -52c?
528
In base 3, what is -12212120 - -10?
-12212110
In base 11, what is -134 + 17?
-118
In base 13, what is 3 + 488?
48b
In base 10, what is -4 + -62?
-66
In base 9, what is -1 - -200?
188
In base 16, what is 3 + -f7?
-f4
In base 11, what is -1 + 16?
15
In base 14, what is 52 - 1d?
33
In base 7, what is -6 + 2601?
2562
In base 16, what is 17 - 99?
-82
In base 11, what is -19a8 + 0?
-19a8
In base 8, what is -51 + -5?
-56
In base 6, what is 2435 + 0?
2435
In base 13, what is 25 + -13?
12
In base 3, what is -112 + -1112?
-2001
In base 12, what is 22658 + 3?
2265b
In base 7, what is -5 + -1?
-6
In base 11, what is 6 - 96?
-90
In base 12, what is -2 + -1b7?
-1b9
In base 4, what is -223 - 1022?
-1311
In base 16, what is -1 + 2?
1
In base 11, what is -2 + -3?
-5
In base 13, what is -2 - -132?
130
In base 5, what is 1 - 330?
-324
In base 11, what is -6637 + 1?
-6636
In base 5, what is -14 - 41?
-110
In base 8, what is -2 - 231?
-233
In base 13, what is -4 + -c5?
-c9
In base 5, what is -4 - -3123?
3114
In base 9, what is -4 - -2746?
2742
In base 6, what is -2245 - -1?
-2244
In base 13, what is 4bc3 - 3?
4bc0
In base 13, what is -1 + 99?
98
In base 9, what is -1 - 0?
-1
In base 7, what is -1641 - 6?
-1650
In base 16, what is 4a + 3?
4d
In base 4, what is 3 + -1120131?
-1120122
In base 4, what is 1001 + 31?
1032
In base 5, what is -10 - 121?
-131
In base 6, what is 2 - -1020?
1022
In base 12, what is -2a832 + 2?
-2a830
In base 6, what is 2 - -222?
224
In base 6, what is -51 - 1311?
-1402
In base 9, what is -5 - -33?
27
In base 11, what is 0 + 9?
9
In base 14, what is -5 - -18?
13
In base 11, what is -1a8 - -4?
-1a4
In base 4, what is -112 + 30?
-22
In base 4, what is 3 + -3321?
-3312
In base 7, what is 644 - 1?
643
In base 9, what is 4725 - 2?
4723
In base 12, what is -60b - 20?
-62b
In base 10, what is -195 + 3?
-192
In base 7, what is -362 + 5?
-354
In base 16, what is 2 + -1ce?
-1cc
In base 3, what is -20010212 - -100?
-20010112
In base 9, what is 552 + 7?
560
In base 11, what is 5 + -1716?
-1711
In base 9, what is 0 + -24?
-24
In base 9, what is -11 - 11?
-22
In base 3, what is -2 + 2200101?
2200022
In base 12, what is -6 + 325?
31b
In base 5, what is -12 + 3203?
3141
In base 15, what is 23a + 1?
23b
In base 3, what is -221 + 200?
-21
In base 2, what is 1 - -101101100?
101101101
In base 13, what is 0 + 22b3?
22b3
In base 7, what is -203 + -11?
-214
In base 3, what is -1 - 121?
-122
In base 9, what is 3 - 1233?
-1230
In base 14, what is -b12 + 3?
-b0d
In base 8, what is -53 + -21?
-74
In base 5, what is 0 - 2103?
-2103
In base 2, what is 110001 + -10010101?
-1100100
In base 15, what is -1 + -ea0?
-ea1
In base 5, what is 32332 + 11?
32343
In base 8, what is -1 + 1072?
1071
In base 10, what is -34 - -2?
-32
In base 3, what is -10 + 111?
101
In base 14, what is 1 - -55?
56
In base 11, what is -aa - 4?
-103
In base 14, what is 6 + -1b?
-15
In base 10, what is 2592 - -5?
2597
In base 5, what is -14 + 13?
-1
In base 3, what is -12122 - -1?
-12121
In base 14, what is 2c + bd?
10b
In base 7, what is -1 - 5?
-6
In base 6, what is 4504 + -10?
4454
In base 13, what is -2 - -529?
527
In base 10, what is 1581 - 1?
1580
In base 8, what is 103 - -5?
110
In base 6, what is -23 - 40?
-103
In base 14, what is -1 - -4